 q**3 + 2*q**2 - 1. Let w be u(-1). Let y be 5*(-16)/(-10)*(1 + w). Suppose -y*p + 5*p + 369 = 0. List the prime factors of p.
3, 41
Suppose -2*o = -3*o + 4*a - 25, 2*o = -5*a - 102. Let i = -38 - o. Suppose -i*v + 12 + 168 = 0. List the prime factors of v.
2, 3, 5
Suppose -x + 1 + 4 = 0. Suppose 1640 = -x*u - 5*b, -2*u + 3*u - 3*b = -340. Let j = -193 - u. List the prime factors of j.
2, 3, 23
Suppose 4*g - g - 7266 = 0. Let h = -8169 + 8169. Suppose -10*w - 4*w + g = h. List the prime factors of w.
173
Let t(d) = -2*d**3 - 14*d**2 - 26*d + 10. Let a be t(-13). Suppose 4*v - 4*m - 823 = 2345, m = 3*v - a. List the prime factors of v.
2, 3, 11
List the prime factors of (-207168)/(-60) - (-1)/5.
3, 1151
What are the prime factors of 75402 + -4*((-12)/(-16))/((-6)/(-8))?
2, 37699
What are the prime factors of (-90215)/(-15) + 212/(-159)?
7, 859
Let k(w) = 3*w**2 - 21*w + 25. Let y be (2/(-1) + 3 - 2) + 13. Let q be k(y). Suppose -4*g + q = 61. List the prime factors of g.
2, 3
Let g be 2 - 0 - (7 + 0). Let u(r) = -7*r - 24. Let v(z) = -19*z - 53. Let t(n) = -13*u(n) + 6*v(n). List the prime factors of t(g).
109
Let m(z) = z**2 - 19*z + 1. Let i(l) = 2*l**3 + l**2 + l + 19. Let j be i(0). Let c be m(j). Let q(u) = 102*u**2 + 4*u - 5. What are the prime factors of q(c)?
101
Let o be ((-15)/10)/(2*(-1)/1492). Let u = o + -699. Suppose 7*z - 2*z - u = -4*h, 3*h + 5*z = 310. What are the prime factors of h?
2, 5, 11
Let s = -1033 + 6944. What are the prime factors of s?
23, 257
Let m(p) = -16*p - 21*p**2 + 52 - 22 + 23*p**2. List the prime factors of m(19).
2, 7
Suppose 171376 = 3*s - 2*v, 5*s - 269*v = -270*v + 285592. List the prime factors of s.
2, 3, 5, 7, 17
Let t(g) = 2*g**2 + 22*g - 4. Let r be t(-7). Let k = 251 + r. What are the prime factors of k?
191
Suppose 0 = -3*t - 2*b - 2175, -3*t - 4*b - 2175 = -0*t. List the prime factors of (-190)/38 - (-1 + (t - -1)).
2, 3, 5
Let x = -5007 - -8096. What are the prime factors of x?
3089
Let q be 168/70*5/(-2). What are the prime factors of (q - -3)*-2 + 604?
2, 5, 61
Suppose 62*q - 66*q = -400. List the prime factors of -5*8/q + 3834/10.
383
Suppose 5*w = 4*z + 3486 - 503, -1791 = -3*w + 3*z. Suppose -a - 4*g + w = 0, 3*a - 986 = g + 747. What are the prime factors of a?
3, 193
Let k(a) be the third derivative of a**6/120 + 4*a**5/15 + a**4/8 + 17*a**3/6 - 6*a**2 + 9*a. List the prime factors of k(-10).
587
Suppose -4*z + 2*t + 20742 = 0, 4*z + 3*t = -0*t + 20717. What are the prime factors of z?
71, 73
Suppose 26*d = 23*d + 48. Let j(q) = -q**2 + 29*q + 48. List the prime factors of j(d).
2
Let u be 3/((-6)/(-8))*141/(-188). What are the prime factors of 1/u - 1400/(-24)?
2, 29
Suppose -10 = -5*f, 4*c - 2*f + 1 = -79. Let p(v) = v**2 + 10*v + 48. What are the prime factors of p(c)?
3, 73
Let w(z) = -105*z + 69. What are the prime factors of w(-2)?
3, 31
Let n = -766 + 1393. Let c = n + 823. What are the prime factors of c?
2, 5, 29
Let h(b) = -10*b**3 + 3*b**2 + b - 1. Let l be 63/24 - 18/(-48). Suppose 1 = x + l. What are the prime factors of h(x)?
89
Suppose -2*g + 5*u + 21773 = 2*g, 5*u + 27215 = 5*g. List the prime factors of g.
2, 3, 907
Let l(s) be the second derivative of s**4/4 - 5*s**3/6 + 5*s**2/2 - 133*s. List the prime factors of l(-6).
11, 13
Let v(r) be the first derivative of r**4/4 - 8*r**3/3 - r**2 + 9*r + 14. Let c be v(7). Let i = c - -104. List the prime factors of i.
2, 5
Let a(d) = 2*d**3 - 56*d**2 - 26*d - 205. List the prime factors of a(30).
5, 523
Suppose 4*u - 2*n = 2*u + 848, -3*n = -2*u + 847. Let y = 874 - 871. Suppose -9*w = -y*i - 5*w + u, 2*i = -3*w + 289. What are the prime factors of i?
11, 13
Suppose d - 199 = -4*a, 4*d - 49 = 3*a - 222. Let t = -50 + a. List the prime factors of (-145)/(-4) + t/(-4).
2, 3
Suppose -5*x + 3*y + 33315 = 0, 0 = -2*x - 2*y + 6098 + 7212. List the prime factors of x.
2, 3, 5, 37
Suppose 45*z - 40*z = 0. Suppose -i + 2*n = -210, z = 2*i + 3*n + n - 460. List the prime factors of i.
2, 5, 11
Let v(n) be the third derivative of -n**6/120 - n**5/12 + 7*n**4/24 - 8*n**3/3 - 12*n**2. Let k be 88/(-12)*3/2 + 3. List the prime factors of v(k).
2, 3, 5
Let s = 2123 + 1562. Suppose -s = -2*v - 3*g, 4*v - 7037 - 328 = -5*g. What are the prime factors of v?
5, 367
Let q = 1631 + -26. What are the prime factors of q?
3, 5, 107
Suppose 1060*j + 4640265 = 1165*j. List the prime factors of j.
3, 14731
Suppose 1979 - 6055 = -2*g. Suppose 6518 = 4*l + g. What are the prime factors of l?
2, 5, 7
Let h be (370/50 + 1)*30/(-4). List the prime factors of (h/(-42))/((-6)/(-8)) + 716.
2, 359
Suppose 3*u + 489 = 3*d, 0 = -d + 2*d - 2*u - 168. Let y = 23 + d. Suppose -3*b = -y - 353. List the prime factors of b.
2, 89
Suppose -5*d = -2*c - 2*d + 70, -4*d = 0. List the prime factors of 2/((-8)/(-26))*(159 + c).
13, 97
Suppose 1120 = -5*v + 14612 + 1883. What are the prime factors of v?
3, 5, 41
Let v(c) = c**3 + 45*c**2 + 43*c - 47. Let f be v(-44). What are the prime factors of f - (-509 - (13 - 4))?
5, 103
Let i be -3*1/3*(-1 + -88). Suppose -4*z = -4*m + 852, i = -z + 5*m - 116. Let a = 321 + z. List the prime factors of a.
2, 53
Let s(o) = -o**3 - 13*o**2 - 19*o + 7. Let i be s(-11). Let v = -29 - i. Let j(q) = -17*q + 10. What are the prime factors of j(v)?
61
Suppose -27123 = -7*c - 6*c + 18351. List the prime factors of c.
2, 3, 11, 53
Let y = 190 - -2262. Suppose -147*c = -151*c + y. List the prime factors of c.
613
Suppose 16*x + 513 = -41*x. Let g = -4022 - -487. List the prime factors of g/(-28) + x/(-12).
127
Let u = 41 - 35. Suppose -40*l + 43*l = u. List the prime factors of l/3 - 39*(-10)/9.
2, 11
Let h(z) = -z**3 - 10*z**2 + 4*z + 1. Let l(t) = -3*t**3 - 29*t**2 + 11*t + 1. Let g(c) = -8*h(c) + 3*l(c). Let w = 10 - 18. List the prime factors of g(w).
3, 17
Let a(q) = -739*q + 27. Let f = 189 + -190. What are the prime factors of a(f)?
2, 383
Let b be 84 + -90 + 6764/(-2). List the prime factors of (b/24 - 4)/(6/(-36)).
13, 67
Let r = -132 - -515. Let t = r - 231. List the prime factors of t.
2, 19
Let d = 33 + -21. Suppose a - 12 = s, 2*a - d = s - 0*a. What are the prime factors of s + 9 + (2 - (-22 + 1))?
2, 5
Let x be (113 - 762)*(-2 + (2 - 1)). Suppose -2*i = -229 - x. What are the prime factors of i?
439
Suppose 8*f + 52509 = -11*f + 20*f. What are the prime factors of f?
3, 23, 761
Let i = 26122 + -15848. What are the prime factors of i?
2, 11, 467
Suppose 5*v - 27546 = 4*a, 13160 + 8890 = 4*v - a. What are the prime factors of v?
2, 3, 919
Let m = -19695 - -25905. List the prime factors of m.
2, 3, 5, 23
Let c(h) = h + 2*h - h + 0 + 3*h**2 - 2. Let k be c(1). What are the prime factors of (k - 0)*86/3?
2, 43
Let x(g) = 46*g - 16. Suppose -6*u = -3*u - 4*i - 9, -4*i = 2*u - 6. Let r be x(u). Suppose -2*k - 4 = -4*d - 72, d = 3*k - r. What are the prime factors of k?
2, 3, 7
Let k = 2290 - 2037. Let h = -6 + 9. Suppose h*n - 125 = k. List the prime factors of n.
2, 3, 7
List the prime factors of (3/9)/(61/183) - -31046.
3, 79, 131
Suppose r = -r + 322. Let y(d) = -2*d**2 + 6*d + 843. Let p be y(-19). Suppose 0*k - r = -p*k. What are the prime factors of k?
23
Let v be (-335 + 0)*3/(-1). Suppose -3*g = -n - 1087, n = 4*g - 445 - v. Let p = -187 + g. List the prime factors of p.
2, 11
Suppose -111*t = 9*t + 20*t - 2973460. List the prime factors of t.
67, 317
Let u = 6626 - 1182. List the prime factors of u.
2, 1361
Let u(w) = -10*w**3 - 27*w**2 + 6*w - 79. List the prime factors of u(-12).
13241
Let g = 1339 - -3021. List the prime factors of g.
2, 5, 109
Let r(k) = 24248*k - 991. What are the prime factors of r(2)?
3, 5, 3167
Let u(d) = 14*d**2 + 1143*d + 443. What are the prime factors of u(-107)?
2, 13, 739
Let m(h) = -29*h - 22. Let x be m(-5). Let c = x + 63. What are the prime factors of c?
2, 3, 31
Suppose -130*v + 127*v - 29717 = -n, 8 = -v. What are the prime factors of n?
23, 1291
Let s(m) = -m**3 + 15*m**2 - 18*m - 62. Let q be s(-14). Let x = q + -3926. What are the prime factors of x?
2, 487
Suppose 4*f - 259 = 561. Suppose 4*n = -4*q + f - 77, -n + 172 = 5*q. Suppose 5*o - 2*w = 110, 3*o - w + q = 5*o. What are the prime factors of o?
2, 5
Suppose 2*q = 3*q + p + 8, 5*q = p - 52. Let m(x) = x**3 + 9*x**2 - 11*x - 10. Let 